at is the remainder when k is divided by c?
14
Suppose -57*h + 3424 = -1478. What is the remainder when 1110 is divided by h?
78
Let m(t) be the third derivative of t**5/30 - t**4/24 + 7*t**3/2 + 109*t**2. What is the remainder when 130 is divided by m(5)?
64
Suppose -23*p + 10589 = -3579. Let b = 701 - p. What is the remainder when 328 is divided by b?
73
Let t = -2760 - -5950. Suppose -20*m + 6690 = -t. Calculate the remainder when m is divided by 15.
14
Let d(g) = 3*g**2 + 124*g - 775. What is the remainder when d(6) is divided by 72?
5
Let p = 29 - 10. Suppose 0 = -5*w + 4*w - 4*i - 8, -5*i - p = -w. Suppose 3*b = 2*g - 11, -5*g - b = -29 - 7. Calculate the remainder when g is divided by w.
3
Let x(y) = -6*y - 146. Let o(j) = -4*j**3 - 8*j**2 - 3*j - 13. Calculate the remainder when o(-4) is divided by x(-27).
15
Suppose 30 = -2*i + 156. Let t = 299 + -726. Let j = -410 - t. What is the remainder when i is divided by j?
12
Let m be ((-70)/(-45))/((-2)/(-18)). Suppose m*s - 12*s - 46 = 0. Calculate the remainder when s is divided by 13.
10
Let m be (6 + -14)/(-2)*-2. Let o(k) = k**3 + 9*k**2 - 6*k - 75. What is the remainder when 145 is divided by o(m)?
34
Suppose 8*l + 4*f + 8 = 4*l, -3*f = 2*l + 8. What is the remainder when 112 + (l - -46)/6 is divided by 1/(((-4)/(-62))/2)?
27
Let t = -129 + 316. Let k(i) = 6*i**3 - 137*i**2 + 115*i - 47. What is the remainder when t is divided by k(22)?
61
Suppose n + 309 = -8*n + 345. Let y(l) = 2*l**2 + 8*l - 6. What is the remainder when y(-6) is divided by n?
2
Suppose -82*u - 1200 = -94*u. What is the remainder when 192 is divided by u?
92
Let o = -41 - -35. What is the remainder when o/(-21) - 1075/(-35) is divided by (0 - 4)/(2/(-8))?
15
Suppose 0 = -5*j + z + 3671, -7*z + 4*z + 2933 = 4*j. Let a = 752 - j. Calculate the remainder when 298 is divided by a.
10
Calculate the remainder when -35*((1 - 289) + (-1)/((-40)/16)) is divided by 12.
10
Let r(n) = -n**3 - 11*n**2 + 24*n + 435. Calculate the remainder when 2744 is divided by r(-10).
84
Let r(q) = -79*q**3 - 6*q**2 - 4*q + 2. Let v = -60 - -74. What is the remainder when r(-1) is divided by v?
9
Let r(n) = -5*n - 17. Let l be r(-6). Suppose -498 = -l*v + 152. What is the remainder when v is divided by 9?
5
Suppose -59 + 185 = 42*w. What is the remainder when 89 is divided by (1/w*2)/(6/216)?
17
Calculate the remainder when 752 is divided by (184 + 3 - -4) + 29/((-87)/18).
12
Let p = -19 - -53. Let q = -15 + p. Suppose 0 = q*w - 17*w - 260. What is the remainder when w is divided by 33?
31
Suppose -245180 = -331*d + 577686. What is the remainder when d is divided by 24?
14
Let j(o) = -426*o - 5529. Let v = 47 + -2. Calculate the remainder when v is divided by j(-13).
0
Let t = -1138 + 1341. Suppose 32 + t = 5*m. Suppose -169 = -4*c + 379. What is the remainder when c is divided by m?
43
Suppose 1072*d - 52 = -b + 1070*d, 162 = 3*b + 4*d. Calculate the remainder when 285 is divided by b.
53
Suppose 4*j - 405 = -t + 218, 4*t = 4*j - 648. What is the remainder when 905 is divided by j?
120
Suppose 3*a = 5*i - 55, 491*a - 495*a = 3*i - 62. Calculate the remainder when 6926 is divided by i.
10
Let m = 2268 - 2074. Calculate the remainder when 675 is divided by m.
93
Suppose -2*s = -4*i - 24, -s + i = 4*i - 22. Suppose -29*x = -34*x + 1270. What is the remainder when x is divided by s?
14
Suppose 9 = 218*f - 215*f. Suppose 2*o + 16 = m + 4*o, -m = f*o - 19. What is the remainder when 258 is divided by m?
8
Calculate the remainder when 2192 is divided by ((-140)/(-385))/(2 + (-36096)/18051).
4
Let y(h) = -2*h. Let i be y(-2). Suppose -3*g = 12, f = -4*g - 120 + 106. Suppose i = -p - q - q, 4 = 5*p + f*q. What is the remainder when 26 is divided by p?
0
Let g be 4 + ((-28)/(-8) + -3)*-4. Let k(v) = g*v + v**2 + 19 - v - 7 - 2*v**2. Calculate the remainder when 21 is divided by k(3).
3
Let z = 2159 - 1487. Calculate the remainder when z is divided by 140.
112
Let x = -7616 + 9291. Calculate the remainder when x is divided by 4.
3
Suppose -3*w + 93 = -0*w. Let j be (-6 - 2)*(1 - (-18)/(-12)). Suppose j*k + 12 = 5*k. Calculate the remainder when w is divided by k.
7
Let k(o) = 10*o + 113. Let v be k(13). Suppose 0 = 5*c + 4*c - v. What is the remainder when c is divided by 12?
3
Let d = -791 + 798. Calculate the remainder when 202 is divided by d.
6
What is the remainder when 3/(-12) + 3/8*910 is divided by 28?
5
Let k be 3 + 1 - 1*(-7 + 0). Let g = k + 7. Calculate the remainder when 105 is divided by g.
15
Calculate the remainder when 3776 is divided by (-308)/(-112) - (-759)/44.
16
Let j(y) be the second derivative of y**4/12 + 3*y**3/2 + 21*y**2 + 59*y. What is the remainder when j(-11) is divided by 13?
12
Let n = -541 + 558. Suppose 4*i - 210 = -3*m, -2*m + n = -2*i - 109. What is the remainder when 250 is divided by m?
52
Let o = -158 + 233. Suppose 11*t = 16*t - o. Let j = 128 - 87. Calculate the remainder when j is divided by t.
11
Let b(j) = -8*j - 69. Suppose 0 = -4*i + 3*r - 46, 2*i - 11 = r - 35. What is the remainder when 131 is divided by b(i)?
26
Suppose 5*s + 2*p - 300 = 0, -5*s - 40 = -p - 340. Calculate the remainder when s is divided by 22.
16
Suppose -1338 = 10*n - 15888. What is the remainder when n is divided by 31?
29
Let r(a) = 2*a**2 + 3*a + 3. Let i be r(7). Let n = 288 - i. Let l(z) = -5*z + 12. What is the remainder when n is divided by l(-6)?
40
Suppose 79 + 54 = 6*q - 77. What is the remainder when 4339 is divided by q?
34
Let n = 17171 - 17142. Calculate the remainder when 75 is divided by n.
17
Let y(b) = 28*b**3 - 4*b**2 + 2*b + 3. Suppose 3*d - 177 = 3*t - 0*t, -255 = -5*d - 5*t. Calculate the remainder when y(2) is divided by d.
50
Suppose 4742 = 18*z - 424. What is the remainder when z is divided by 36?
35
Let a be -2*(-6 + (-54)/(-12)). Suppose 280 = a*o + 2*d, -2*o + 3*d = -0*d - 191. What is the remainder when 279 is divided by o?
91
Let h(c) = -116*c + 1873. What is the remainder when 542 is divided by h(16)?
15
Let v = 50 + -28. Suppose 4*b + v - 8 = 2*s, 0 = -4*s - 2*b + 18. Suppose 0 = -0*a + s*a - 245. What is the remainder when 144 is divided by a?
46
Let v = 2 + 2. Suppose 6*p + 80 + 136 = 0. Let a = p - -51. Calculate the remainder when a is divided by v.
3
Suppose 9*d - 26 = 8*d. Let u = 29 - d. Suppose 345 = 3*j - u*p, -3*j - 5*p + 127 + 210 = 0. Calculate the remainder when j is divided by 39.
36
Let k(j) = 16*j**2 + 1. Let p be (-6)/(-3)*4/(-40)*-15. Suppose -49*r + 53*r = -4*w + 188, -w - p = 0. What is the remainder when r is divided by k(1)?
16
Let o(a) = -a**2 - 12*a + 17. Let m be o(-8). Let d = -38 + m. Let l = 3 + d. What is the remainder when l is divided by 9?
5
Let t = -242 + 246. Suppose 0 = o - s - 5, -t*s = 3*o - 3*s - 31. Calculate the remainder when 20 is divided by o.
2
Let d(t) = 2*t**3 - 132*t**2 + t - 51. What is the remainder when 23817 is divided by d(66)?
12
Suppose 5*q - 18264 = -7*q - 4716. Calculate the remainder when q is divided by 18.
13
Suppose -65*z - 2685 = 66*z - 12379. Calculate the remainder when z is divided by -14*((-42)/4)/3.
25
Let w = 22 - 7. Suppose -w*g - 12 = -17*g. What is the remainder when 89 is divided by (2 - 22/g)*-9?
14
What is the remainder when (-16)/(-12)*(8169/28)/1 is divided by 57?
47
Let w(u) = -3*u**2 + 4*u**2 - 7 - 9 + 60 - 20*u. Calculate the remainder when w(20) is divided by 6.
2
Suppose 170*b = 171*b - 45. Calculate the remainder when 851 is divided by b.
41
Let d(k) = -k**3 - 33*k**2 + 107*k - 40. Let v be d(-36). Let o = 576 + v. What is the remainder when o is divided by 25?
22
Let b = -3720 - -4029. Calculate the remainder when b is divided by 88.
45
What is the remainder when 459 is divided by 6/((-21)/((-9114)/28))?
87
Calculate the remainder when 10/(-60)*14*((-14)/(-7) + -539) is divided by 4.
1
Let k(w) = w + 6. Let t be k(6). Let a(y) = 5*y**2 - 4*y - 3. What is the remainder when a(-4) is divided by -3*(-16)/t*5/4?
3
Suppose 3*b + 5*v = -15 + 40, -3*b - 3*v + 21 = 0. What is the remainder when 1/b + 552/115 - -89 is divided by 39?
16
Let p = 12 - -6. Suppose j + 5*d - 79 = 0, 0 = 3*j + p*d - 19*d - 285. Calculate the remainder when j is divided by 17.
9
Let n(k) = 32*k**3 + 5*k**2 - 118*k + 235. What is the remainder when n(2)